 = -3 - -10. Let j = h + u. What is the units digit of j?
9
Let t = 10 + -7. Suppose n - 4*b = -18, 5*n + 5*b - 20 = t*b. What is the units digit of n*-1*(-3)/3?
2
Suppose 3*m = -2*r + r + 132, 0 = -3*r + 3*m + 432. What is the hundreds digit of r?
1
What is the tens digit of (-854)/(-12) + (-2 - (-33)/18)?
7
Let t(i) = i**2 - i - 2. Let m be t(2). Let c be 3 + -5 + (0 - m). What is the units digit of -1 + c/2 - -3?
1
Let d = -299 - -528. What is the tens digit of d?
2
Suppose -3*t = -2*s - 27, -2*s - 27 = -4*t + 1. Let j be 2/(-8) + (-3)/s. Suppose j - 18 = -3*h. What is the units digit of h?
6
What is the tens digit of 20/(-100) - 802/(-10)?
8
What is the hundreds digit of (3 - 22/(-4))*3*18?
4
Suppose 5*v = 10*v + 70. What is the units digit of (-32)/(-14) + 4/v?
2
Suppose -75 = -4*d + 445. What is the tens digit of d?
3
Let k be 0/(-1) + (-1 - -1). Let q = 0 - k. Suppose 0 = -3*z - q*z + 15. What is the units digit of z?
5
Suppose -4 - 8 = 4*x. Let z(v) = v**3 + 3*v**2 - 2*v + 3. What is the units digit of z(x)?
9
Suppose 6 = -3*n + 6*n. Suppose -n*p + 46 = 2. What is the tens digit of p?
2
Let n(q) = q**3 - 2*q**2 - q - 1. What is the units digit of n(3)?
5
Suppose 2*p + 441 = -p. What is the units digit of p/(-12) - 3/12?
2
Let v(s) = 6*s - 1. Let k be v(-1). Let h = 3 - k. What is the tens digit of h?
1
Let q(d) = -18*d - 37. What is the units digit of q(-15)?
3
Let t be (-22 - (0 - 0)) + 3. Let h = -7 - t. What is the tens digit of h?
1
Suppose -8*f = -223 - 17. What is the units digit of f?
0
Let d(r) = -r**3 + 13*r**2 + 8*r + 40. What is the tens digit of d(13)?
4
Suppose -3*x + 7 = 1. Suppose 4*m + 0*m = x*c + 88, 3*m + 2*c = 59. What is the units digit of ((-12)/21)/((-6)/m)?
2
Let x = -6 + 8. Let f be 110/38 - (-24)/228. Suppose -x*l + f*l + 40 = 4*a, 0 = l + 4. What is the units digit of a?
9
Let s = -8 + 8. Suppose s = 2*k - 18 - 18. Suppose -2*g + 5*g = -p + k, 0 = p + 3. What is the units digit of g?
7
Let n be 28/6*12/8. Let j = n - -4. What is the units digit of j?
1
Let c = 28 - -17. What is the units digit of c?
5
Suppose 5*v + 31 = 4*b, b + b = -3*v - 1. Suppose l - 7 = 3*q, 3*q - b = -2*l + 4*q. What is the units digit of (l*3)/(4/8)?
6
Let y = 9 + -5. Let s(o) = o**3 - 5*o**2 + 6*o - 3. What is the units digit of s(y)?
5
Let p(g) = -g + 5. Let d be p(6). What is the units digit of 0 - d*(1 + 1)?
2
What is the hundreds digit of (-4)/10 - (-16832)/80?
2
Let d(o) = -o**2 - 5*o - 3. Let v be d(-5). What is the units digit of ((-4)/(-6))/((-2)/v)?
1
Suppose 4 - 2 = s. Suppose -5*t = -15, 4*t - 8 = -h + 7. Suppose 0 = h*z + s*z - 20. What is the units digit of z?
4
Let n(p) be the second derivative of p**3/6 - 2*p. What is the units digit of n(3)?
3
Let n(q) be the second derivative of q**4/12 - 5*q**3/3 - 7*q**2/2 + 4*q. Let y(u) = 12*u**2 + u. Let h be y(-1). What is the units digit of n(h)?
4
Let g be (-1920)/(-33) - (-2)/(-11). Suppose -4*z + g = -66. What is the units digit of z?
1
Let v be (-3 + 1)*(-5)/2. Suppose v*t = q + 28, 32 = 4*t - 2*q + 6*q. What is the units digit of t?
6
What is the tens digit of 2/4*6 - -21?
2
What is the tens digit of (158/3)/(22/33)?
7
Suppose n = -3*i - 0 - 47, 4*i + 4*n = -68. Let k = 32 + i. What is the units digit of k?
7
Suppose 4 = -3*a + 85. What is the tens digit of a?
2
Suppose 0 = -2*v + 62 + 176. What is the units digit of v?
9
Let u = 5 + -6. Let t = 3 + u. Suppose c - 19 = -0*c - 3*q, -t*q = 4*c - 26. What is the units digit of c?
4
Let b(y) = -7*y + 15. What is the tens digit of b(-9)?
7
Suppose -10*c = -5*c - 65. What is the tens digit of c?
1
Let g(q) be the second derivative of -2*q**3/3 + 3*q**2/2 + 4*q. What is the units digit of g(-5)?
3
Suppose -y = 3*k - 1, -y = 2*k - 3*y + 2. Let j be (k - 0)*2/4. Suppose j = -4*o + 37 + 23. What is the tens digit of o?
1
Suppose 0 = -0*o - 4*o - 24. What is the tens digit of o/(-8) + (-45)/(-4)?
1
Suppose -4*l = 5*g - 148, 2*g - 62 = -l - 22. What is the tens digit of l?
3
Let y be (66/(-4))/((-12)/(-16)). Let o = 35 + y. What is the units digit of o?
3
Let n(c) = c**3 + 5*c**2 + 5*c + 4. Let p be n(-3). Suppose p*x - 35 = 2*x. What is the units digit of x?
7
Suppose d - 2*d + 2*l = -57, l - 150 = -3*d. Suppose 0 = -5*i - 1 + d. What is the tens digit of i?
1
Let z(p) be the third derivative of p**5/60 - p**4/8 + p**3 - p**2. Let l be z(6). Suppose 0 = 3*c + 3*f - l, -4*c = f + 2*f - 35. What is the units digit of c?
1
Suppose 0 = 3*n - 3. Let z be n - 3 - -2 - -18. Suppose 0 = 4*c - z + 2. What is the units digit of c?
4
Let r(f) = -f**3 + 10*f**2 - 8*f + 1. Let k be r(9). Let s be 24/(k/(-8) - -2). Suppose -5*u + 2*i = -s, u - 8 = -i + 3*i. What is the units digit of u?
6
Let a = -75 - -83. What is the units digit of a?
8
Suppose 12*r = 7*r + 155. What is the units digit of r?
1
Suppose -40 = -0*t - 5*t. Suppose -3*j = -t*j + 245. What is the tens digit of j?
4
Suppose 2*s - 2*z = 4, 4 = s - z - z. Suppose -3*g + s*g = 4*a - 6, 15 = 3*a - 3*g. Suppose -3*h = h - b - 60, a*h - b - 46 = 0. What is the units digit of h?
4
Let r = 187 + 85. What is the units digit of r?
2
Let h = -3 + 6. Let j = h + 1. Suppose -y = j*y - 35. What is the units digit of y?
7
Suppose -2*g = -5*w - 183, 3*g - 5*w - 292 = -w. What is the tens digit of g?
0
Let d be 0 + (-1 - (-3 + 7)). Let z = d + 24. What is the tens digit of z?
1
Let k = 1 - -7. Let d(b) = -5*b**3 - 2*b**2 + 5*b - 11. Let n(x) = 4*x**3 + 3*x**2 - 4*x + 10. Let o(l) = 5*d(l) + 6*n(l). What is the units digit of o(k)?
3
Suppose 0*b - 2 = -2*b. Let s = -13 + 20. What is the units digit of b - -2 - (-6 + s)?
2
Let g(y) = 6*y**3 - 10*y**2 + 6*y + 2. Let v(r) = r**3 - r**2 + r + 1. Let i(m) = g(m) - 5*v(m). Let u be i(5). What is the units digit of (-2)/((2/(-2))/u)?
4
Let h = 26 + -23. Suppose 7*c - 80 = h*c - 4*z, -5*c = 4*z - 104. What is the tens digit of c?
2
What is the tens digit of 21*1*(-8)/(-12)?
1
Suppose -d + 140 = 4*d. Suppose -2*l + d = 3*l - u, -32 = -4*l - 4*u. Suppose -45 = -5*x + 4*r, -2*r - 5 = -5*x - l*r. What is the units digit of x?
5
Suppose -37 = -0*d - 2*d - 5*y, 2*d + 3*y = 31. Let a be -12*(-1 + 2/6). Let r = d - a. What is the units digit of r?
3
Let w(n) = 6*n**2 + 6*n + 5. What is the units digit of w(-1)?
5
Suppose 82 = 3*p + k, -9 = -p + 2*k + 9. Suppose 0 = -q + v + p - 1, -q + 2*v = -26. What is the units digit of q?
4
Suppose -4*n + 46 = 3*v, 2*v - 4*v + 5*n = 0. What is the units digit of v?
0
What is the tens digit of 0 + ((-224)/2)/(-4)?
2
Let w = 87 + -43. What is the units digit of w?
4
Let a(o) = -o**3 + 5*o**2 - 3. Let r be a(5). What is the tens digit of ((-3)/(-2))/(r/(-34))?
1
Suppose -r + 3*r + 22 = 3*c, -2*c - 2*r - 2 = 0. Suppose -4*p - 4 = -2*i + 30, -2*i + c = 2*p. What is the units digit of i?
7
What is the units digit of (5 + -9 - -1)/((-9)/75)?
5
Let b(a) = 3*a**2 + 7. Let x = 18 - 15. What is the tens digit of b(x)?
3
Suppose 16*r - 14*r + 10 = 0. Let k = r - -15. What is the tens digit of k?
1
Let f = -84 + 127. What is the units digit of f?
3
Let p = -89 + 100. What is the tens digit of p?
1
Suppose p = -5*j + 5*p + 137, 5*j + 2*p = 119. What is the tens digit of j?
2
Let u(p) = -p**3 - p**2 + 4*p - 1. What is the tens digit of u(-4)?
3
Let n be 52/(-10) - 5/(-25). Let s(v) = -6*v**2 - 9*v - 2. Let p(o) = 5*o**2 + 8*o + 2. Let m(h) = n*p(h) - 4*s(h). What is the units digit of m(-3)?
1
Suppose 4*w + v = -319, 400 = -5*w - 2*v + v. What is the units digit of 1/4 - w/12?
7
Let n = -3 + 3. Suppose 0*z - z = n. Let r = 10 + z. What is the units digit of r?
0
Suppose 100 = -5*k + 4*m, 3*k - 4*k = -4*m + 36. Let d = -10 - k. What is the units digit of d?
6
Let h(i) be the third derivative of -i**5/60 - i**4/6 + 7*i**3/6 - 2*i**2. Let x be h(-5). What is the units digit of -10*1*x/(-4)?
5
Suppose -63 = -5*c + 97. What is the units digit of c?
2
Let v(g) = g**2 + 2. Let f be (-3)/(3*-1)*-2. Let s = f + 2. What is the units digit of v(s)?
2
Suppose 0 = -2*z - 3*l + 16, -6*z + 4*l = -z + 6. Suppose -z*a + 8 = -3*t, -5*t = -a - 0*a + 4. What is the units digit of a?
4
Suppose 3*p + 0*p + m = 326, -2*m - 536 = -5*p. What is the tens digit of p?
0
Suppose 0 = -5*b - 8 + 28. Suppose 8*v - 4*i = 3*v + 50, 2*v = -b*i - 8. What is the units digit of v